3. Let a(b) = -6*b - 18. Calculate the remainder when 58 is divided by a(c).
28
Let i be ((-2)/(-3))/(2/15). Suppose 2*a - 685 = -5*m - 0*a, a = 3*m - 400. Suppose -m = -i*s + 250. What is the remainder when s is divided by 26?
25
Suppose 26 = -5*d + 2*u + 288, 3*d + 4*u - 178 = 0. Calculate the remainder when d is divided by (-4)/10 - 126/(-15).
6
Suppose 47 = 8*q - 81. Suppose -3*f + 2*r = -26, q*f + 3*r + 24 = 19*f. Calculate the remainder when 35 is divided by f.
5
Suppose 8*n = 4995 - 2979. Calculate the remainder when n is divided by 51.
48
Let x be (15/(-6) + 2)*-166. Let h = x + -41. Suppose 5*p - 2*i = 57, -3*p - 3*i = -0*i - 30. What is the remainder when h is divided by p?
9
Suppose -5*d + 239 = -3*c, -5*d + 199 + 44 = -c. What is the remainder when 91 is divided by d?
42
Let p(k) = 4*k**2 - 18*k + 7. Let z(x) = 2*x**2 - 5*x - 1. Calculate the remainder when p(6) is divided by z(4).
10
Let c(j) = -6*j**2 - 3*j - 5. Let k be c(4). Let u = -47 - k. Let l = -23 + 40. Calculate the remainder when u is divided by l.
15
Let h = -3365 + 3377. Let a = 18 - 12. Suppose -182 = -4*w + a. What is the remainder when w is divided by h?
11
Let o(i) be the second derivative of i**4/12 - i**2/2 - 10*i. What is the remainder when 13 is divided by o(-2)?
1
Let q(j) = -j**2 - 19*j - 72. What is the remainder when 100 is divided by q(-13)?
4
Let i(q) = 9*q**2 + 51*q + 140. What is the remainder when i(-3) is divided by (0 + 1*23)*1?
22
Let z = 424 + -401. Suppose -2*q - 3*q = -65. Calculate the remainder when z is divided by q.
10
Suppose -13*b + 134 + 61 = 0. Suppose 8*d - 3030 = 3*d. Calculate the remainder when d/14 + (-2)/7 is divided by b.
13
Let d be (21*2/(-5))/(12/40). Let l = d - -84. What is the remainder when l is divided by 15?
11
Let r(b) = b**3 - 6*b**2 + 2*b - 10. Let k be r(6). Suppose 0*i + 108 = -3*i. Calculate the remainder when (i + -1)*(k - 3) is divided by 10.
7
Let g(n) = n**3 + 5*n**2 + 2*n - 2. Let q be g(-4). Suppose -q = -v - 2*u - 1, u - 25 = 4*v. Let l = 21 + v. Calculate the remainder when 62 is divided by l.
14
Let d(w) = 205*w - 8. What is the remainder when d(1) is divided by 33?
32
Suppose 5*x = 26*x - 294. What is the remainder when 37 is divided by x?
9
Let q(v) = 2*v**3 + 7*v**2 - 16*v + 4. Let b(x) = 2*x**3 + 3*x**2 - 4*x + 1. Calculate the remainder when b(3) is divided by q(-5).
7
Suppose -5*q - 61 = -3*u - 233, -3*q + 109 = 4*u. Suppose 586 = 136*y - 1046. What is the remainder when q is divided by y?
11
Let h(n) = -11*n - 16. Let y(q) = -5*q - 8. Let z(v) = -4*h(v) + 9*y(v). Let r(o) = -o + 11. Calculate the remainder when r(5) is divided by z(-12).
2
Suppose 807 - 451 + 934 = 43*n. What is the remainder when n is divided by (-8)/((-1)/(1 - 0))?
6
Let n(f) = -f + 34. Let v(o) = o - 69. Let j(k) = -5*n(k) - 3*v(k). Calculate the remainder when j(0) is divided by 10.
7
Suppose -2*l - 11 = -13. Calculate the remainder when 131 is divided by ((-9)/27)/(l/(-57)).
17
Let k = -156 - -107. Let q = k + 88. Calculate the remainder when q is divided by 8.
7
Let v(f) = -7*f**3 - 7*f**2 + 4*f + 17. What is the remainder when 332 is divided by v(-2)?
36
Suppose -4*s = -3*h + 53, 20*s = -3*h + 15*s + 62. What is the remainder when 1651 is divided by h?
17
Let l(a) = 7*a**2 - 8 - 10*a + 3*a**2 - 11*a**2. Let r(v) = v**3 + 7*v**2 - 3. Calculate the remainder when r(-5) is divided by l(-6).
15
Let b = 623 - 613. Calculate the remainder when 168 is divided by b.
8
Suppose -2*c = -7*c. Suppose c*h = -5*i - 4*h + 30, 30 = 5*i - 5*h. Let m = i - -48. What is the remainder when m is divided by 14?
12
Let a(h) = -h**2 - 22*h - 88. What is the remainder when 36 is divided by a(-15)?
2
Suppose 0 = -d + r + 24, r - 103 = -4*d - 2*r. Suppose -j + 20 = 4*j, -5*j - d = -3*x. Calculate the remainder when 57 is divided by x.
12
Let h = 3178 + -3045. Calculate the remainder when h is divided by 48.
37
Let d = -626 + 741. What is the remainder when d is divided by 12?
7
Suppose -2*x = -0*y + 2*y - 8, -3*y + 6 = x. Suppose -1 = 3*s - w, 2*s + 5*w = -2*s + 5. Calculate the remainder when 7 is divided by s + (y - -4) + -3.
1
Suppose 6*g + g = 203. Suppose -3*q + f + 21 = 0, q + 3*f + 2*f = 23. Calculate the remainder when g is divided by q.
5
Suppose -b - 17 + 56 = 0. Suppose -209 + 20 = -63*a. Calculate the remainder when 77 is divided by a/(-6)*(-1 - b).
17
Let d(b) = b**3 + b**2 - 15. Let v be d(0). Let a(o) = -3*o**2 - 3*o - 1. Let m be a(-4). Let x = v - m. Calculate the remainder when 43 is divided by x.
21
Suppose 26*i - 135 = 24*i + 3*c, -3*c - 66 = -i. Calculate the remainder when 757 is divided by i.
67
Suppose 4*v + 4 = 0, 4*v = -3*q + 3*v + 281. What is the remainder when q is divided by 4?
2
Let t be (2 + 24/(-10))/(1/(-15)). Suppose -m = t*m - 70. Let n(w) = 11*w**2 + 3*w + 1. Calculate the remainder when n(-2) is divided by m.
9
Let p(x) = -4*x**3 - 5*x**2 - 24*x - 17. Calculate the remainder when 255 is divided by p(-2).
40
Let a = 357 + -309. Calculate the remainder when 334 is divided by a.
46
Suppose 1 + 50 = 3*m. Calculate the remainder when (-4)/(-38) - 13772/(-209) is divided by m.
15
Let f(o) = -222*o - 7. Calculate the remainder when f(-1) is divided by 74.
67
Let z = -119 + 192. Let h = z + -28. Calculate the remainder when h is divided by 12.
9
Suppose 31*r = 33*r - 4. Suppose 9 = -4*c + 1, -r*c = 5*h - 306. What is the remainder when h is divided by 17?
11
Let w = 28 - 0. Let o = -16 - -8. Let m(n) = n**3 + 8*n**2 - 2*n - 6. Calculate the remainder when w is divided by m(o).
8
Let c(w) = w**2 - w - 162. What is the remainder when 525 is divided by c(15)?
45
Let f(r) = r**2 + 5*r + 4. Calculate the remainder when (-183)/(-9) + (-2)/(-3) is divided by f(-6).
1
Let m = 3647 - 3608. Suppose 5*s + 329 = 4*c, 3*s = 4*s + 5. Calculate the remainder when c is divided by m.
37
Let p(d) = d**3 - 4*d**2 + 4*d - 2. Suppose 3*o = 4*o, -3*o = 5*m + 185. Let j = 64 + m. Calculate the remainder when j is divided by p(4).
13
Let t(h) = 2256*h**2 - 32*h + 31. What is the remainder when t(1) is divided by 94?
93
Suppose 3*t - 3*b - 91 + 28 = 0, t + b - 15 = 0. Suppose -52 = -2*d + 2*n + 12, -20 = -d - 2*n. What is the remainder when t is divided by (-60)/(-14) - 8/d?
2
Calculate the remainder when (-1014)/(-39) - (-24)/(-4) is divided by 14.
6
Let r = 98 + -83. Calculate the remainder when r is divided by 8.
7
Suppose 3*x - 85 = -n - 2*x, -3*n + 255 = -5*x. Suppose n = a + 15. What is the remainder when a is divided by 15?
10
Let f(c) = 6. Let w(p) = -p**2 - p + 1. Let o(r) = f(r) - 5*w(r). What is the remainder when 73 is divided by o(-2)?
7
Suppose 44*t - 42*t + 14 = 0. What is the remainder when 46*(t/21)/((-2)/3) is divided by 8?
7
Suppose -645 = -7*y + 41. Calculate the remainder when y is divided by 26.
20
Let m = -45 + 45. Calculate the remainder when 11 is divided by m/2 - (-7)/1.
4
Let v(p) = 8*p**2 + 4*p - 3. Let h be ((-14)/(-4))/((-4)/(-8)). What is the remainder when v(2) is divided by 38 + -39 + 3*h?
17
Let p = 1046 - 1032. Calculate the remainder when 80 is divided by p.
10
Let l be (-7 + 0)*(-24)/(-84). Let g(p) = 7*p**2 + 2*p - 1. What is the remainder when 45 is divided by g(l)?
22
Suppose 0 = 4*o + 11 - 59. Let w(f) = 12*f**2 - 46*f. Calculate the remainder when o is divided by w(4).
4
Let x(s) = 16*s + 1. Let f(c) = -c + 9. Let d be f(9). Suppose d = 3*m - m - 2. Calculate the remainder when x(m) is divided by 9.
8
Calculate the remainder when 107 is divided by 6 - 1 - -6*26/6.
14
Suppose -5*u + 1 = -19. Suppose -5*g + u*y + 114 = -93, 3*g + 4*y = 105. Suppose l = 4*l - g. Calculate the remainder when l is divided by 8.
5
Let d be ((-12)/18)/(2/9). What is the remainder when 14 + (3 + -2)*d is divided by 8?
3
Let m = 173 + -143. Calculate the remainder when 356 is divided by m.
26
Let a be 5 - 1/(2 + -1). Let s = 3 - a. Calculate the remainder when (-25)/s + (3 - 4) is divided by 13.
11
Suppose -3*j + 67*j = 1728. Calculate the remainder when j is divided by 8 + (-1*1 - 0).
6
What is the remainder when 98 is divided by (-2 - 0) + 6/4*24?
30
Suppose 0 = -5*w + 51 + 19. Let p = -462 - -653. Let v = 199 - p. What is the remainder when w is divided by v?
6
Let m be 7/(-28) + 18/8. Suppose m = i - 0. Let f(z) = -z**3 - 2